 be ((-2282)/70)/((-1)/5). Let x = c - 161. What is the highest common divisor of 22 and x?
2
Let z be 25 + (-45)/(-165)*11. Calculate the highest common factor of z and 98.
14
Let i = -134 - -152. Suppose q - 12 = 2*y - 4*y, -4*y + i = -q. What is the greatest common divisor of q and 4?
2
Let d be 169/78 - (2 + (-22)/12). Suppose 0 = -g - d*k + 8, -4*g + 3*k + 16 = -16. What is the greatest common divisor of g and 8?
8
Let s be ((28/8)/7)/(1/4). Let d be (14/s)/1 + 1. Let k be 2 + -3 + 57 + 0. Calculate the highest common factor of k and d.
8
Let f be 1/(-3) + 458/6. Let d = -429 + 457. Suppose 15*n - d = 257. Calculate the greatest common factor of f and n.
19
Let j = 23530 + -19578. What is the highest common factor of j and 182?
26
Let w(t) = -3*t**2 + 26*t - 9. Let n be w(6). Let b be 2 + n + -8 + 7. What is the highest common factor of b and 168?
8
Suppose -3*w - 17 + 5 = 0. Let p be ((-1 - w) + 21)*2. Let o = 75 + -69. What is the greatest common divisor of o and p?
6
Let g(t) = 9*t**2 - 245*t - 154. Let u be g(28). Suppose l + 4*s = 67 + 9, -4*l + 344 = -4*s. What is the highest common divisor of l and u?
42
Let f(h) = -2*h - 36. Let l be 3/4*-1*(4 - -40). Let b be f(l). What is the greatest common factor of b and 75?
15
Let t be (-1 + 9/2)/(9/(-90)). Let n = t + 35. Suppose 0 = 3*a + d + d - 47, -3*a - 3*d + 48 = n. What is the highest common divisor of a and 10?
5
Let u(t) = -43*t - 1995. Let q be u(-47). What is the greatest common divisor of 7969 and q?
13
Let t(w) = w**3 - 23*w**2 - 11*w + 1050. Let o be t(28). What is the highest common factor of 111 and o?
111
Let b be 832 + ((-2)/10 - 104/(-520)). What is the greatest common divisor of b and 104?
104
Let p be 15/(-20) - (-118)/8. Let n(o) = 31*o + 11. Suppose 12 + 5 = 17*z. Let l be n(z). What is the highest common divisor of l and p?
14
Suppose -27 = -3*g + 3*j, 53*j - 52*j + 25 = 3*g. Calculate the highest common divisor of 4072 and g.
8
Suppose 2880 = 170*s - 150*s. Let k = 28 + -25. Suppose 0 = k*h - h - 32. What is the highest common divisor of h and s?
16
Suppose -3*a - 4 + 6 = -w, 3 = 3*w. Let m be a*102*(-3 + -2 - -7). Calculate the greatest common divisor of 17 and m.
17
Suppose 72*f + 34710 = 98*f. Calculate the highest common divisor of f and 15.
15
Let g(k) = 4*k**3 + 3*k**2 - 4*k + 2. Suppose 0 = 6*d - 6 - 0. Let u be g(d). Suppose 0 = -u*b + 414 + 261. Calculate the greatest common divisor of 54 and b.
27
Let c be 2 + (0 + 4 - -15). Suppose 420 = -p + 3*p. Let m = 357 - p. What is the highest common factor of m and c?
21
Let p(k) = -k**2 + 4*k + 7. Let q be p(5). Suppose -4*o = -q*o - 26. Let z = 1889 + -1876. Calculate the highest common divisor of o and z.
13
Let f be 5/2 - (-3)/12*-2. Let k(m) = -f*m - 6 - 14 - 11*m - 2*m - m**2. Let x be k(-10). What is the highest common factor of 6 and x?
6
Suppose -5*a - 5*a = -1170. Let o be (a/(-6))/(-3*(-5)/(-220)). Calculate the greatest common divisor of 26 and o.
26
Let f = 12475 + -7760. Calculate the greatest common divisor of 460 and f.
115
Suppose 5*o + 5*w = 7*o - 3480, 2*w = -o + 1758. What is the highest common factor of o and 140?
70
Let t = -1617 + 1892. Let o(p) = -3*p + 25. Let b be o(0). Calculate the greatest common factor of b and t.
25
Let j(h) be the first derivative of -h**2 - 10*h - 3. Let w(l) = -127*l + 371. Let k be w(3). Let y be j(k). What is the highest common factor of 2 and y?
2
Let t be (-268)/(-6) + (10 - 145/15). Let q be 6/t - 5/(75/(-538)). Calculate the greatest common factor of q and 48.
12
Let a = 12 + -14. Let q be (-4)/((-7)/(-98)*a). Let p(w) = -w**3 + 5*w**2 + 4*w - 6. Let d be p(5). What is the greatest common factor of d and q?
14
Suppose -2*i = -7*i + 5*s + 875, -i - 2*s = -178. Suppose -71*a = -67*a - i. Calculate the greatest common divisor of a and 44.
44
Let t(l) = -7*l + 52. Let p be t(4). Suppose -1134 = -p*w + 2178. Calculate the greatest common factor of w and 483.
69
Let k(b) = -279*b**3 + 2*b**2 - 7*b - 7. Let g be k(-1). Let w = 344 - g. What is the greatest common divisor of 70 and w?
7
Let f be 8/56*-39*-21. Suppose c - 20 = 6. Let r be -3*(-1)/6*c. Calculate the greatest common divisor of r and f.
13
Suppose 0 = -100*m + 90*m + 40. Let j be (-3)/2 - 3/6. Let u be j*m/8 + 31. Calculate the greatest common factor of u and 6.
6
Let x be 262/6 + ((-50)/(-15) - 3). Let h be -1 - -1 - x/(-11). Suppose -h*y - 44 = -136. Calculate the greatest common factor of y and 161.
23
Let k(t) = 6*t**3 - 6*t**2 + 5*t - 3. Let n be k(3). Let g be 2*(-282)/4*-1. Let p = g + -93. Calculate the highest common factor of p and n.
24
Suppose 0 = -2*j + 4*j + 3*p - 504, 3*j - 2*p = 730. What is the greatest common factor of j and 12792?
246
Let g(f) = 3*f - 6. Let w be g(4). Suppose 3*k - 478 - 137 = 0. Let t = -202 + k. Calculate the greatest common factor of w and t.
3
Let f(y) = 288*y - 9978. Let h be f(36). Calculate the greatest common divisor of 3250 and h.
130
Suppose 25*u - 8*u + 9689 = 9740. Calculate the greatest common factor of 539 and u.
1
Let g = 1326 - 983. Suppose 5*y - g = 28*c - 26*c, -y - 5*c = -74. Calculate the highest common factor of 483 and y.
69
Suppose -56304 = 477*h - 500*h. What is the highest common divisor of 288 and h?
144
Suppose -15*q = 15*q + 16*q - 2070. Calculate the greatest common divisor of q and 3672.
9
Let k(i) = -2*i**2 + 13*i - 16. Let u be k(4). Suppose 3*c - 1680 = -u*c. Calculate the greatest common factor of 15 and c.
15
Let p be (138/(-9))/((-4)/(-12)). Let w be (p + 18)*26/(-4). Let h = -13 - -39. Calculate the greatest common factor of w and h.
26
Let k = -15273 + 15537. What is the highest common factor of 96 and k?
24
Let x be (((-5850)/(-24))/25)/(12/688). What is the highest common divisor of 26 and x?
13
Let z = -7 - -16. Let b be -1 + (0 + -12 - -23) - -161. What is the highest common factor of z and b?
9
Suppose -68*x + 4 + 0 = -64*x. Let t(d) = 12*d**3 + 2*d**2 - 1. Let u be t(1). What is the greatest common divisor of u and x?
1
Let g(u) = -4*u + 27. Let z be g(7). Let t be z + -1 + 364/4. Suppose -t = -10*a + 61. What is the highest common divisor of 165 and a?
15
Suppose 0 = -3388*k + 2921*k + 62111. Let l(x) = 2*x**2 - 3*x - 2. Let s be l(3). What is the highest common divisor of s and k?
7
Suppose -1 - 9 = 2*f, -5*l - 2*f + 150 = 0. Suppose 39*u + 626 = 2498. What is the greatest common factor of u and l?
16
Let n be ((-15)/6 + (-5 - -5))*-3112. Let x be (-2)/6 - (5 + n/(-12)). Suppose -5*l = 83 - x. What is the greatest common factor of 16 and l?
16
Let p = 93 - 88. Suppose -p*f - 65 + 175 = 0. Suppose -125*s + 124*s = -f. Calculate the highest common divisor of 22 and s.
22
Let k be 113751/108 + (-1)/((-12)/9). Calculate the greatest common divisor of k and 136.
34
Let j = -5729 - -8502. Calculate the highest common divisor of 118 and j.
59
Suppose 69 - 1169 = -5*y. Let f(l) = -9*l**2 + 70*l - 27. Let n be f(7). What is the greatest common factor of y and n?
22
Suppose 9*g - 190 - 332 = 0. Let f = 6118 - 6060. What is the highest common divisor of g and f?
58
Let y(c) = 184*c + 162*c - 383*c + 153. Let i be y(4). Calculate the greatest common divisor of i and 125.
5
Suppose 6*w - 39317 + 15150 = -163*w. What is the greatest common divisor of w and 352?
11
Let x be (-2)/4 + 274*4/16. Suppose 0 = 10*d - 22 - x. Suppose 0 = -l - 3*l + 12. Calculate the highest common factor of l and d.
3
Suppose -4*j = 16, 4*j = -3*a + 6*j + 386. Suppose 0 = -4*v - u - 30 + a, -26 = -2*v + 5*u. Calculate the highest common divisor of 253 and v.
23
Let q = -726 - -1701. Suppose 64*y - 42*y - 330 = 0. Calculate the highest common factor of q and y.
15
Let q be (-1)/(-3) + (-11472)/(-144). Suppose -3*r + 1600 = 22*r. Calculate the greatest common factor of r and q.
16
Let b = -4219 - -4411. What is the greatest common factor of b and 54?
6
Suppose 3*t - 813 = 5*p, 12*p - 11*p - 777 = -3*t. What is the greatest common factor of t and 18?
9
Suppose -2*o - 84 = -0*k - 4*k, 0 = 5*k - 5*o - 105. Suppose -k*x = -17*x - 936. Calculate the greatest common factor of 18 and x.
18
Suppose 15*q - 2280 = 21*q. Let u = -373 - q. Calculate the greatest common factor of u and 56.
7
Let s be (3 - 65/10)*6. Let c be (-7)/(s/15) + 450. Suppose v - c = -5*o, 5*v =